{"id":958,"date":"2023-11-07T07:20:55","date_gmt":"2023-11-07T11:20:55","guid":{"rendered":"https:\/\/foyerdecaridad.cl\/site\/?page_id=958"},"modified":"2023-11-09T10:21:42","modified_gmt":"2023-11-09T14:21:42","slug":"alianzas","status":"publish","type":"page","link":"https:\/\/foyerdecaridad.cl\/site\/alianzas\/","title":{"rendered":"ALIANZAS"},"content":{"rendered":"\n<p class=\"has-text-color has-link-color has-medium-font-size wp-elements-8c58efbdb77f1ce26c2d241386f5994f\" style=\"color:#986007\"><strong><em>Las Alianzas son:<\/em><\/strong><\/p>\n\n\n\n<ul class=\"has-medium-font-size wp-block-list\">\n<li>Un lazo de comuni\u00f3n.<\/li>\n\n\n\n<li>Para los que quieran unirse de forma permanente con el Foyer, por sector. Ejemplo Santiago, Quilpue, Talca, Chill\u00e1n.<\/li>\n\n\n\n<li>En reuni\u00f3n semanal o mensual, presencial o por zoom.<\/li>\n\n\n\n<li>Ofreci\u00e9ndose desde su tiempo disponible, sus dones y competencias propias para ayudarnos \u00aben lo que sea\u00bb, en actividades con ni\u00f1os y j\u00f3venes.<\/li>\n\n\n\n<li>Con un compromiso de oraci\u00f3n personal (Consagraci\u00f3n diaria &#8211; tiempo de Adoraci\u00f3n, y\/o Eucarist\u00eda y Rosario).<\/li>\n\n\n\n<li>Testimoniar de su encuentro con Cristo en parroquia y medio ambiente, dando a conocer al Foyer.<\/li>\n\n\n\n<li>Ayudar a difundir sus retiros, actividades y publicaciones.<\/li>\n\n\n\n<li>Sirviendo en retiros ayudando en la cocina, el comedor, la capilla y el aseo.<\/li>\n\n\n\n<li>Ayudando, acompa\u00f1ando a los miembros del Foyer en trabajos de jard\u00edn, de costura o planchado, etc.<\/li>\n\n\n\n<li>Participando de un retiro anual o frecuente, o de los domingos con Dios para los que viven cerca.<\/li>\n<\/ul>\n\n\n\n<div style=\"height:50px\" aria-hidden=\"true\" class=\"wp-block-spacer\"><\/div>\n\n\n\n<h2 class=\"wp-block-heading\">\u00bfQUIERES GUARDAR UN CONTACTO M\u00c1S ESTRECHO CON EL FOYER?<\/h2>\n\n\n\n<p class=\"has-text-color has-link-color has-medium-font-size wp-elements-f8d80e85c2357bb1914a86680e0b59c9\" style=\"color:#986007\"><strong><em>Existen varios modos de hacerlo:<\/em><\/strong><\/p>\n\n\n\n<figure class=\"wp-block-image size-large\"><img loading=\"lazy\" decoding=\"async\" width=\"1200\" height=\"1440\" src=\"https:\/\/i0.wp.com\/foyerdecaridad.cl\/site\/wp-content\/uploads\/2023\/11\/Alianzas.png?fit=640%2C768&amp;ssl=1\" alt=\"\" class=\"wp-image-1091\" srcset=\"https:\/\/i0.wp.com\/foyerdecaridad.cl\/site\/wp-content\/uploads\/2023\/11\/Alianzas.png?w=1200&amp;ssl=1 1200w, https:\/\/i0.wp.com\/foyerdecaridad.cl\/site\/wp-content\/uploads\/2023\/11\/Alianzas.png?resize=250%2C300&amp;ssl=1 250w, https:\/\/i0.wp.com\/foyerdecaridad.cl\/site\/wp-content\/uploads\/2023\/11\/Alianzas.png?resize=853%2C1024&amp;ssl=1 853w, https:\/\/i0.wp.com\/foyerdecaridad.cl\/site\/wp-content\/uploads\/2023\/11\/Alianzas.png?resize=768%2C922&amp;ssl=1 768w\" sizes=\"auto, (max-width: 640px) 100vw, 640px\" \/><\/figure>\n","protected":false},"excerpt":{"rendered":"<p>Las Alianzas son: \u00bfQUIERES GUARDAR UN CONTACTO M\u00c1S ESTRECHO CON EL FOYER? Existen varios modos [&hellip;]<\/p>\n","protected":false},"author":2,"featured_media":0,"parent":0,"menu_order":0,"comment_status":"closed","ping_status":"closed","template":"","meta":{"footnotes":""},"class_list":["post-958","page","type-page","status-publish","hentry"],"_links":{"self":[{"href":"https:\/\/foyerdecaridad.cl\/site\/wp-json\/wp\/v2\/pages\/958","targetHints":{"allow":["GET"]}}],"collection":[{"href":"https:\/\/foyerdecaridad.cl\/site\/wp-json\/wp\/v2\/pages"}],"about":[{"href":"https:\/\/foyerdecaridad.cl\/site\/wp-json\/wp\/v2\/types\/page"}],"author":[{"embeddable":true,"href":"https:\/\/foyerdecaridad.cl\/site\/wp-json\/wp\/v2\/users\/2"}],"replies":[{"embeddable":true,"href":"https:\/\/foyerdecaridad.cl\/site\/wp-json\/wp\/v2\/comments?post=958"}],"version-history":[{"count":12,"href":"https:\/\/foyerdecaridad.cl\/site\/wp-json\/wp\/v2\/pages\/958\/revisions"}],"predecessor-version":[{"id":1095,"href":"https:\/\/foyerdecaridad.cl\/site\/wp-json\/wp\/v2\/pages\/958\/revisions\/1095"}],"wp:attachment":[{"href":"https:\/\/foyerdecaridad.cl\/site\/wp-json\/wp\/v2\/media?parent=958"}],"curies":[{"name":"wp","href":"https:\/\/api.w.org\/{rel}","templated":true}]}}

<p class="has-text-color has-link-color has-medium-font-size wp-elements-8c58efbdb77f1ce26c2d241386f5994f" style="color:#986007"><strong><em>Las Alianzas son:</em></strong></p>



<ul class="has-medium-font-size wp-block-list">
<li>Un lazo de comunión.</li>



<li>Para los que quieran unirse de forma permanente con el Foyer, por sector. Ejemplo Santiago, Quilpue, Talca, Chillán.</li>



<li>En reunión semanal o mensual, presencial o por zoom.</li>



<li>Ofreciéndose desde su tiempo disponible, sus dones y competencias propias para ayudarnos «en lo que sea», en actividades con niños y jóvenes.</li>



<li>Con un compromiso de oración personal (Consagración diaria &#8211; tiempo de Adoración, y/o Eucaristía y Rosario).</li>



<li>Testimoniar de su encuentro con Cristo en parroquia y medio ambiente, dando a conocer al Foyer.</li>



<li>Ayudar a difundir sus retiros, actividades y publicaciones.</li>



<li>Sirviendo en retiros ayudando en la cocina, el comedor, la capilla y el aseo.</li>



<li>Ayudando, acompañando a los miembros del Foyer en trabajos de jardín, de costura o planchado, etc.</li>



<li>Participando de un retiro anual o frecuente, o de los domingos con Dios para los que viven cerca.</li>
</ul>



<div style="height:50px" aria-hidden="true" class="wp-block-spacer"></div>



<h2 class="wp-block-heading">¿QUIERES GUARDAR UN CONTACTO MÁS ESTRECHO CON EL FOYER?</h2>



<p class="has-text-color has-link-color has-medium-font-size wp-elements-f8d80e85c2357bb1914a86680e0b59c9" style="color:#986007"><strong><em>Existen varios modos de hacerlo:</em></strong></p>



<figure class="wp-block-image size-large"><img loading="lazy" decoding="async" width="1200" height="1440" src="https://i0.wp.com/foyerdecaridad.cl/site/wp-content/uploads/2023/11/Alianzas.png?fit=640%2C768&amp;ssl=1" alt="" class="wp-image-1091" srcset="https://i0.wp.com/foyerdecaridad.cl/site/wp-content/uploads/2023/11/Alianzas.png?w=1200&amp;ssl=1 1200w, https://i0.wp.com/foyerdecaridad.cl/site/wp-content/uploads/2023/11/Alianzas.png?resize=250%2C300&amp;ssl=1 250w, https://i0.wp.com/foyerdecaridad.cl/site/wp-content/uploads/2023/11/Alianzas.png?resize=853%2C1024&amp;ssl=1 853w, https://i0.wp.com/foyerdecaridad.cl/site/wp-content/uploads/2023/11/Alianzas.png?resize=768%2C922&amp;ssl=1 768w" sizes="auto, (max-width: 640px) 100vw, 640px" /></figure>

<p>Las Alianzas son: ¿QUIERES GUARDAR UN CONTACTO MÁS ESTRECHO CON EL FOYER? Existen varios modos [&hellip;]</p>
