{"id":1751,"date":"2026-02-06T08:21:08","date_gmt":"2026-02-06T11:21:08","guid":{"rendered":"https:\/\/foyerdecaridad.cl\/site\/?page_id=1751"},"modified":"2026-02-06T08:21:13","modified_gmt":"2026-02-06T11:21:13","slug":"retiro-9-al-15-de-febrero","status":"publish","type":"page","link":"https:\/\/foyerdecaridad.cl\/site\/retiro-9-al-15-de-febrero\/","title":{"rendered":"Retiro 9 al 15 de Febrero"},"content":{"rendered":"\n<p>Vocaci\u00f3n y Misi\u00f3n del Disc\u00edpulo de Cristo<\/p>\n","protected":false},"excerpt":{"rendered":"<p>Vocaci\u00f3n y Misi\u00f3n del Disc\u00edpulo de Cristo<\/p>\n","protected":false},"author":2,"featured_media":0,"parent":0,"menu_order":0,"comment_status":"closed","ping_status":"closed","template":"","meta":{"footnotes":""},"class_list":["post-1751","page","type-page","status-publish","hentry"],"_links":{"self":[{"href":"https:\/\/foyerdecaridad.cl\/site\/wp-json\/wp\/v2\/pages\/1751","targetHints":{"allow":["GET"]}}],"collection":[{"href":"https:\/\/foyerdecaridad.cl\/site\/wp-json\/wp\/v2\/pages"}],"about":[{"href":"https:\/\/foyerdecaridad.cl\/site\/wp-json\/wp\/v2\/types\/page"}],"author":[{"embeddable":true,"href":"https:\/\/foyerdecaridad.cl\/site\/wp-json\/wp\/v2\/users\/2"}],"replies":[{"embeddable":true,"href":"https:\/\/foyerdecaridad.cl\/site\/wp-json\/wp\/v2\/comments?post=1751"}],"version-history":[{"count":1,"href":"https:\/\/foyerdecaridad.cl\/site\/wp-json\/wp\/v2\/pages\/1751\/revisions"}],"predecessor-version":[{"id":1753,"href":"https:\/\/foyerdecaridad.cl\/site\/wp-json\/wp\/v2\/pages\/1751\/revisions\/1753"}],"wp:attachment":[{"href":"https:\/\/foyerdecaridad.cl\/site\/wp-json\/wp\/v2\/media?parent=1751"}],"curies":[{"name":"wp","href":"https:\/\/api.w.org\/{rel}","templated":true}]}}

<p>Vocación y Misión del Discípulo de Cristo</p>
